{"id":6867,"date":"2021-11-30T12:05:49","date_gmt":"2021-11-30T11:05:49","guid":{"rendered":"https:\/\/www.pfarrei-due-wo.de\/?page_id=6867"},"modified":"2023-04-30T19:03:54","modified_gmt":"2023-04-30T17:03:54","slug":"kirchlicher-friedhof-st-michael","status":"publish","type":"page","link":"https:\/\/www.pfarrei-due-wo.de\/?page_id=6867","title":{"rendered":"Katholischer Friedhof St. Michael"},"content":{"rendered":"<h4><img data-recalc-dims=\"1\" loading=\"lazy\" decoding=\"async\" data-attachment-id=\"4521\" data-permalink=\"https:\/\/www.pfarrei-due-wo.de\/?attachment_id=4521\" data-orig-file=\"https:\/\/i0.wp.com\/www.pfarrei-due-wo.de\/wp-content\/uploads\/2020\/04\/2014-Wo-Kirche-01-scaled.jpg?fit=2560%2C1707&amp;ssl=1\" data-orig-size=\"2560,1707\" data-comments-opened=\"0\" data-image-meta=\"{&quot;aperture&quot;:&quot;8&quot;,&quot;credit&quot;:&quot;&quot;,&quot;camera&quot;:&quot;Canon EOS 550D&quot;,&quot;caption&quot;:&quot;&quot;,&quot;created_timestamp&quot;:&quot;1415977695&quot;,&quot;copyright&quot;:&quot;&quot;,&quot;focal_length&quot;:&quot;18&quot;,&quot;iso&quot;:&quot;100&quot;,&quot;shutter_speed&quot;:&quot;0.005&quot;,&quot;title&quot;:&quot;&quot;,&quot;orientation&quot;:&quot;1&quot;}\" data-image-title=\"Wolfring, St. Michael\" data-image-description=\"&lt;p&gt;Foto: Hans Heimler&lt;\/p&gt;\n\" data-image-caption=\"\" data-large-file=\"https:\/\/i0.wp.com\/www.pfarrei-due-wo.de\/wp-content\/uploads\/2020\/04\/2014-Wo-Kirche-01-scaled.jpg?fit=750%2C500&amp;ssl=1\" class=\"size-medium wp-image-4521 alignleft\" src=\"https:\/\/i0.wp.com\/www.pfarrei-due-wo.de\/wp-content\/uploads\/2020\/04\/2014-Wo-Kirche-01.jpg?resize=300%2C200&#038;ssl=1\" alt=\"\" width=\"300\" height=\"200\" srcset=\"https:\/\/i0.wp.com\/www.pfarrei-due-wo.de\/wp-content\/uploads\/2020\/04\/2014-Wo-Kirche-01-scaled.jpg?resize=300%2C200&amp;ssl=1 300w, https:\/\/i0.wp.com\/www.pfarrei-due-wo.de\/wp-content\/uploads\/2020\/04\/2014-Wo-Kirche-01-scaled.jpg?resize=1024%2C683&amp;ssl=1 1024w, https:\/\/i0.wp.com\/www.pfarrei-due-wo.de\/wp-content\/uploads\/2020\/04\/2014-Wo-Kirche-01-scaled.jpg?resize=768%2C512&amp;ssl=1 768w, https:\/\/i0.wp.com\/www.pfarrei-due-wo.de\/wp-content\/uploads\/2020\/04\/2014-Wo-Kirche-01-scaled.jpg?resize=1536%2C1024&amp;ssl=1 1536w, https:\/\/i0.wp.com\/www.pfarrei-due-wo.de\/wp-content\/uploads\/2020\/04\/2014-Wo-Kirche-01-scaled.jpg?resize=2048%2C1365&amp;ssl=1 2048w, https:\/\/i0.wp.com\/www.pfarrei-due-wo.de\/wp-content\/uploads\/2020\/04\/2014-Wo-Kirche-01-scaled.jpg?w=2250&amp;ssl=1 2250w\" sizes=\"auto, (max-width: 300px) 100vw, 300px\" \/><\/h4>\n<h4>Dem gelebten Leben Respekt, Achtung und Andenken<\/h4>\n<p>Unser Friedhof ist ein Ort, an dem wir dem gelebten Leben eines Menschen mit Respekt begegnen, sein Andenken bewahren und ehren. Wir wollen unsere Verstorbenen mit Respekt bestatten und den trauernden Angeh\u00f6rigen und Freunden einen Ort bieten, an dem ihre Trauer einen festen Platz hat. Als Gemeinschaft ist uns das Erinnern und Ehren unserer Vorfahren ein wichtiges Anliegen.<\/p>\n<p>&nbsp;<\/p>\n<h4>Geschichte wird durch Menschen erz\u00e4hlt<\/h4>\n<p><img data-recalc-dims=\"1\" loading=\"lazy\" decoding=\"async\" data-attachment-id=\"6874\" data-permalink=\"https:\/\/www.pfarrei-due-wo.de\/?attachment_id=6874\" data-orig-file=\"https:\/\/i0.wp.com\/www.pfarrei-due-wo.de\/wp-content\/uploads\/2021\/11\/20211029_150945-scaled.jpg?fit=2560%2C1920&amp;ssl=1\" data-orig-size=\"2560,1920\" data-comments-opened=\"0\" data-image-meta=\"{&quot;aperture&quot;:&quot;1.7&quot;,&quot;credit&quot;:&quot;&quot;,&quot;camera&quot;:&quot;SM-G935F&quot;,&quot;caption&quot;:&quot;&quot;,&quot;created_timestamp&quot;:&quot;1635520185&quot;,&quot;copyright&quot;:&quot;&quot;,&quot;focal_length&quot;:&quot;4.2&quot;,&quot;iso&quot;:&quot;50&quot;,&quot;shutter_speed&quot;:&quot;0.0022988505747126&quot;,&quot;title&quot;:&quot;&quot;,&quot;orientation&quot;:&quot;1&quot;}\" data-image-title=\"Friedhof Wolfring\" data-image-description=\"&lt;p&gt;Foto: Michael Hoch&lt;\/p&gt;\n\" data-image-caption=\"\" data-large-file=\"https:\/\/i0.wp.com\/www.pfarrei-due-wo.de\/wp-content\/uploads\/2021\/11\/20211029_150945-scaled.jpg?fit=750%2C563&amp;ssl=1\" class=\"size-medium wp-image-6874 alignright\" src=\"https:\/\/i0.wp.com\/www.pfarrei-due-wo.de\/wp-content\/uploads\/2021\/11\/20211029_150945.jpg?resize=300%2C225&#038;ssl=1\" alt=\"\" width=\"300\" height=\"225\" srcset=\"https:\/\/i0.wp.com\/www.pfarrei-due-wo.de\/wp-content\/uploads\/2021\/11\/20211029_150945-scaled.jpg?resize=300%2C225&amp;ssl=1 300w, https:\/\/i0.wp.com\/www.pfarrei-due-wo.de\/wp-content\/uploads\/2021\/11\/20211029_150945-scaled.jpg?resize=1024%2C768&amp;ssl=1 1024w, https:\/\/i0.wp.com\/www.pfarrei-due-wo.de\/wp-content\/uploads\/2021\/11\/20211029_150945-scaled.jpg?resize=768%2C576&amp;ssl=1 768w, https:\/\/i0.wp.com\/www.pfarrei-due-wo.de\/wp-content\/uploads\/2021\/11\/20211029_150945-scaled.jpg?resize=1536%2C1152&amp;ssl=1 1536w, https:\/\/i0.wp.com\/www.pfarrei-due-wo.de\/wp-content\/uploads\/2021\/11\/20211029_150945-scaled.jpg?resize=2048%2C1536&amp;ssl=1 2048w, https:\/\/i0.wp.com\/www.pfarrei-due-wo.de\/wp-content\/uploads\/2021\/11\/20211029_150945-scaled.jpg?w=2250&amp;ssl=1 2250w\" sizes=\"auto, (max-width: 300px) 100vw, 300px\" \/>Unser Friedhof ist ein &#8222;geschichtstr\u00e4chtiger&#8220; Ort. Die Leistung vieler Menschen, die vor uns das gemeinschaftliche Leben in unseren Ortschaften gepr\u00e4gt haben, sind der Grund auf dem wir heute stehen und aufbauen k\u00f6nnen. Damit das Bewusstsein f\u00fcr die Leistungen unserer Vorfahren auch f\u00fcr die kommenden Generationen bewahrt bleibt und sie sensibel bleiben f\u00fcr ihre Heimat und ihren christlichen Glauben, erhalten und pflegen wir unseren Friedhof.<\/p>\n<p>&nbsp;<\/p>\n<h4><\/h4>\n<h4>Verwalten und gestalten<\/h4>\n<p><img data-recalc-dims=\"1\" loading=\"lazy\" decoding=\"async\" data-attachment-id=\"9555\" data-permalink=\"https:\/\/www.pfarrei-due-wo.de\/?attachment_id=9555\" data-orig-file=\"https:\/\/i0.wp.com\/www.pfarrei-due-wo.de\/wp-content\/uploads\/2023\/04\/IMG-20230430-WA0000.jpg?fit=1600%2C1200&amp;ssl=1\" data-orig-size=\"1600,1200\" data-comments-opened=\"0\" data-image-meta=\"{&quot;aperture&quot;:&quot;0&quot;,&quot;credit&quot;:&quot;&quot;,&quot;camera&quot;:&quot;&quot;,&quot;caption&quot;:&quot;&quot;,&quot;created_timestamp&quot;:&quot;0&quot;,&quot;copyright&quot;:&quot;&quot;,&quot;focal_length&quot;:&quot;0&quot;,&quot;iso&quot;:&quot;0&quot;,&quot;shutter_speed&quot;:&quot;0&quot;,&quot;title&quot;:&quot;&quot;,&quot;orientation&quot;:&quot;0&quot;}\" data-image-title=\"Urnengrab Wolfring\" data-image-description=\"&lt;p&gt;Foto: Dominik Schleicher&lt;\/p&gt;\n\" data-image-caption=\"\" data-large-file=\"https:\/\/i0.wp.com\/www.pfarrei-due-wo.de\/wp-content\/uploads\/2023\/04\/IMG-20230430-WA0000.jpg?fit=750%2C563&amp;ssl=1\" class=\"alignleft wp-image-9555 size-medium\" src=\"https:\/\/i0.wp.com\/www.pfarrei-due-wo.de\/wp-content\/uploads\/2023\/04\/IMG-20230430-WA0000.jpg?resize=300%2C225&#038;ssl=1\" alt=\"\" width=\"300\" height=\"225\" srcset=\"https:\/\/i0.wp.com\/www.pfarrei-due-wo.de\/wp-content\/uploads\/2023\/04\/IMG-20230430-WA0000.jpg?resize=300%2C225&amp;ssl=1 300w, https:\/\/i0.wp.com\/www.pfarrei-due-wo.de\/wp-content\/uploads\/2023\/04\/IMG-20230430-WA0000.jpg?resize=1024%2C768&amp;ssl=1 1024w, https:\/\/i0.wp.com\/www.pfarrei-due-wo.de\/wp-content\/uploads\/2023\/04\/IMG-20230430-WA0000.jpg?resize=768%2C576&amp;ssl=1 768w, https:\/\/i0.wp.com\/www.pfarrei-due-wo.de\/wp-content\/uploads\/2023\/04\/IMG-20230430-WA0000.jpg?resize=1536%2C1152&amp;ssl=1 1536w, https:\/\/i0.wp.com\/www.pfarrei-due-wo.de\/wp-content\/uploads\/2023\/04\/IMG-20230430-WA0000.jpg?w=1600&amp;ssl=1 1600w\" sizes=\"auto, (max-width: 300px) 100vw, 300px\" \/>Auf dem kirchlichen Friedhof St. Michael in Wolfring stehen \u00fcber 100 Grabst\u00e4tten, zahlreiche Einzel- und Doppelgrabst\u00e4tten, sowie Urnen- bzw. Urnengemeinschaftsgr\u00e4ber, zur Verf\u00fcgung. Der Friedhof wird von der Kirchenverwaltung der Katholischen Filialkirchenstiftung Wolfring unterhalten, verwaltet und beaufsichtigt. Er dient zur Bestattung der Katholiken der Pfarrei D\u00fcrnsricht-Wolfring mit Expositur H\u00f6gling. Immer wieder erfordert unser Friedhof und die Bed\u00fcrfnisse der Menschen Aufmerksamkeit. Zuletzt wurde ein Gemeinschaftsurnengrab angelegt, das f\u00fcr die Grabp\u00e4chter v\u00f6llig pflegefrei ist.<\/p>\n<p>&nbsp;<\/p>\n<p>Hier finden Sie die aktuell g\u00fcltigen Ordnungen:<\/p>\n<p><span style=\"color: #800080;\"><a style=\"color: #800080;\" href=\"https:\/\/www.pfarrei-due-wo.de\/?3d-flip-book=friedhofsordnung\" target=\"_blank\" rel=\"noopener\">Friedhofsordnung<\/a><\/span><\/p>\n<p><span style=\"color: #800080;\"><a style=\"color: #800080;\" href=\"https:\/\/www.pfarrei-due-wo.de\/?3d-flip-book=friedhofsgebuehrenordnung\" target=\"_blank\" rel=\"noopener\">Friedhofsgeb\u00fchrenordnung<\/a><\/span><\/p>\n<p>&nbsp;<\/p>\n","protected":false},"excerpt":{"rendered":"<p>Dem gelebten Leben Respekt, Achtung und Andenken Unser Friedhof ist ein Ort, an dem wir dem gelebten Leben eines Menschen mit Respekt begegnen, sein Andenken bewahren und ehren. Wir wollen &hellip; <\/p>\n","protected":false},"author":4,"featured_media":0,"parent":0,"menu_order":0,"comment_status":"closed","ping_status":"closed","template":"","meta":{"jetpack_post_was_ever_published":false,"footnotes":""},"class_list":["post-6867","page","type-page","status-publish","hentry"],"jetpack_sharing_enabled":false,"jetpack_shortlink":"https:\/\/wp.me\/P8HCtc-1ML","jetpack-related-posts":[{"id":2769,"url":"https:\/\/www.pfarrei-due-wo.de\/?page_id=2769","url_meta":{"origin":6867,"position":0},"title":"Krippendarstellung in der Pfarrkirche","author":"Matthias Heimler","date":"2. Dezember 2018","format":false,"excerpt":"Die \u201eGeburt\u201c der Weihnachtskrippe Der Heilige Franz von Assisi stellte die Weihnachtsgeschichte nachweislich erstmals im Jahre 1223 mit lebenden Personen und Tieren nach. Als Schauplatz w\u00e4hlte er eine Futterkrippe in einem Wald nahe des Klosters Greccio in Italien. Er nutzte die anschauliche Szenerie, um Gl\u00e4ubigen, die nicht lesen konnten, das\u2026","rel":"","context":"\u00c4hnlicher Beitrag","block_context":{"text":"\u00c4hnlicher Beitrag","link":""},"img":{"alt_text":"","src":"https:\/\/i0.wp.com\/www.pfarrei-due-wo.de\/wp-content\/uploads\/2017\/12\/krippe_duernsricht_1.jpg?fit=1200%2C811&ssl=1&resize=350%2C200","width":350,"height":200,"srcset":"https:\/\/i0.wp.com\/www.pfarrei-due-wo.de\/wp-content\/uploads\/2017\/12\/krippe_duernsricht_1.jpg?fit=1200%2C811&ssl=1&resize=350%2C200 1x, https:\/\/i0.wp.com\/www.pfarrei-due-wo.de\/wp-content\/uploads\/2017\/12\/krippe_duernsricht_1.jpg?fit=1200%2C811&ssl=1&resize=525%2C300 1.5x, https:\/\/i0.wp.com\/www.pfarrei-due-wo.de\/wp-content\/uploads\/2017\/12\/krippe_duernsricht_1.jpg?fit=1200%2C811&ssl=1&resize=700%2C400 2x, https:\/\/i0.wp.com\/www.pfarrei-due-wo.de\/wp-content\/uploads\/2017\/12\/krippe_duernsricht_1.jpg?fit=1200%2C811&ssl=1&resize=1050%2C600 3x"},"classes":[]},{"id":709,"url":"https:\/\/www.pfarrei-due-wo.de\/?page_id=709","url_meta":{"origin":6867,"position":1},"title":"Katholische Landvolkbewegung (KLB) D\u00fcrnsricht-Wolfring","author":"Matthias Heimler","date":"10. Mai 2017","format":false,"excerpt":"Die KLB mit ihren 29 Mitgliedern versteht sich als kirchlicher Verband mit dem Ziel, den Menschen des l\u00e4ndlichen Raumes die Botschaft des Hl. Klaus von der Fl\u00fche zu vermitteln. Sie tr\u00e4gt als Kennzeichen f\u00fcr diesen Auftrag das Kreuz auf dem Pflug. Der Pflug steht f\u00fcr die Arbeit, das Kreuz f\u00fcr\u2026","rel":"","context":"\u00c4hnlicher Beitrag","block_context":{"text":"\u00c4hnlicher Beitrag","link":""},"img":{"alt_text":"","src":"","width":0,"height":0},"classes":[]},{"id":91,"url":"https:\/\/www.pfarrei-due-wo.de\/?page_id=91","url_meta":{"origin":6867,"position":2},"title":"Pfarreigeschichte","author":"Matthias Heimler","date":"6. Mai 2017","format":false,"excerpt":"Die ersten aktenkundlichen Belege D\u00fcrnsricht D\u00fcrnsricht wird 1286 als selbstst\u00e4ndige Pfarrei aufgef\u00fchrt. Der erste Pfarrer des Ortes, Provisor Friedrich von Allenburg, war ein Angeh\u00f6riger des Klosters Ensdorf. Er legte dort seine Profess ab und wirkte in D\u00fcrnsricht von 1289 bis 1301. Danach wurde er Prior und 1309 Abt des Klosters.\u2026","rel":"","context":"\u00c4hnlicher Beitrag","block_context":{"text":"\u00c4hnlicher Beitrag","link":""},"img":{"alt_text":"","src":"https:\/\/i0.wp.com\/www.pfarrei-due-wo.de\/wp-content\/uploads\/2023\/08\/schindler.jpg?resize=350%2C200&ssl=1","width":350,"height":200},"classes":[]},{"id":2356,"url":"https:\/\/www.pfarrei-due-wo.de\/?page_id=2356","url_meta":{"origin":6867,"position":3},"title":"Albertus-Magnus-Garten","author":"Matthias Heimler","date":"17. Juli 2018","format":false,"excerpt":"Idee Anl\u00e4sslich des 50. Weihetages der Pfarrkirche St. Albertus Magnus war Weihbischof Reinhard Pappenberger im Juni 2013 in unserer Pfarrei zu Gast und brachte als Geschenk ein Buch \u00fcber \"Die sinnlichen G\u00e4rten des Hl. Albertus Magnus\" mit. Damit war die Idee geboren, auf der Gr\u00fcnfl\u00e4che zwischen dem Albertus-Magnus-Saal und dem\u2026","rel":"","context":"\u00c4hnlicher Beitrag","block_context":{"text":"\u00c4hnlicher Beitrag","link":""},"img":{"alt_text":"","src":"https:\/\/i0.wp.com\/www.pfarrei-due-wo.de\/wp-content\/uploads\/2017\/05\/pfarrgarten-36.jpg?fit=1200%2C798&ssl=1&resize=350%2C200","width":350,"height":200,"srcset":"https:\/\/i0.wp.com\/www.pfarrei-due-wo.de\/wp-content\/uploads\/2017\/05\/pfarrgarten-36.jpg?fit=1200%2C798&ssl=1&resize=350%2C200 1x, https:\/\/i0.wp.com\/www.pfarrei-due-wo.de\/wp-content\/uploads\/2017\/05\/pfarrgarten-36.jpg?fit=1200%2C798&ssl=1&resize=525%2C300 1.5x, https:\/\/i0.wp.com\/www.pfarrei-due-wo.de\/wp-content\/uploads\/2017\/05\/pfarrgarten-36.jpg?fit=1200%2C798&ssl=1&resize=700%2C400 2x, https:\/\/i0.wp.com\/www.pfarrei-due-wo.de\/wp-content\/uploads\/2017\/05\/pfarrgarten-36.jpg?fit=1200%2C798&ssl=1&resize=1050%2C600 3x"},"classes":[]},{"id":87,"url":"https:\/\/www.pfarrei-due-wo.de\/?page_id=87","url_meta":{"origin":6867,"position":4},"title":"Kirchen und Kapellen","author":"Matthias Heimler","date":"6. Mai 2017","format":false,"excerpt":"Pfarrkirche St. Albertus Magnus (D\u00fcrnsricht) Mit der sprunghaft angewachsenen Bev\u00f6lkerung nach dem 2. Weltkrieg war die Ulrichskirche zu klein und ein Kirchenneubau dringend n\u00f6tig. Dieser entstand in den Jahren 1960\/1961 am Westausgang D\u00fcrnsrichts, im gleichen Zuge mit dem Neubau der Volksschule und des Pfarr- bzw. Lehrerwohnhauses. Am 30. Juni 1963\u2026","rel":"","context":"\u00c4hnlicher Beitrag","block_context":{"text":"\u00c4hnlicher Beitrag","link":""},"img":{"alt_text":"","src":"https:\/\/i0.wp.com\/www.pfarrei-due-wo.de\/wp-content\/uploads\/2017\/05\/DSC_0363.jpg?resize=350%2C200","width":350,"height":200,"srcset":"https:\/\/i0.wp.com\/www.pfarrei-due-wo.de\/wp-content\/uploads\/2017\/05\/DSC_0363.jpg?resize=350%2C200 1x, https:\/\/i0.wp.com\/www.pfarrei-due-wo.de\/wp-content\/uploads\/2017\/05\/DSC_0363.jpg?resize=525%2C300 1.5x, https:\/\/i0.wp.com\/www.pfarrei-due-wo.de\/wp-content\/uploads\/2017\/05\/DSC_0363.jpg?resize=700%2C400 2x, https:\/\/i0.wp.com\/www.pfarrei-due-wo.de\/wp-content\/uploads\/2017\/05\/DSC_0363.jpg?resize=1050%2C600 3x, https:\/\/i0.wp.com\/www.pfarrei-due-wo.de\/wp-content\/uploads\/2017\/05\/DSC_0363.jpg?resize=1400%2C800 4x"},"classes":[]},{"id":5814,"url":"https:\/\/www.pfarrei-due-wo.de\/?page_id=5814","url_meta":{"origin":6867,"position":5},"title":"Aufgabe 4 &#8211; Unser Glaube","author":"Matthias Heimler","date":"20. M\u00e4rz 2021","format":false,"excerpt":"Beschreibung\u00a0 |\u00a0 Firmbuch\u00a0 |\u00a0 Aufgaben |\u00a0 Formulare \u00a0 Dein Glaube ist etwas Privates und doch gemeinschaftliches zugleich. Glaube hei\u00dft vertrauen. Vertrauen, dass Gott bei uns ist und mit uns geht. Du bist sicherlich schon \u00f6fter mit Gott in Kontakt gekommen, als du auf den ersten Blick glaubst. Machen wir uns\u2026","rel":"","context":"\u00c4hnlicher Beitrag","block_context":{"text":"\u00c4hnlicher Beitrag","link":""},"img":{"alt_text":"","src":"https:\/\/i0.wp.com\/www.pfarrei-due-wo.de\/wp-content\/uploads\/2021\/02\/Header3-Firmbuch-Kopie-scaled.jpg?fit=1200%2C100&ssl=1&resize=350%2C200","width":350,"height":200,"srcset":"https:\/\/i0.wp.com\/www.pfarrei-due-wo.de\/wp-content\/uploads\/2021\/02\/Header3-Firmbuch-Kopie-scaled.jpg?fit=1200%2C100&ssl=1&resize=350%2C200 1x, https:\/\/i0.wp.com\/www.pfarrei-due-wo.de\/wp-content\/uploads\/2021\/02\/Header3-Firmbuch-Kopie-scaled.jpg?fit=1200%2C100&ssl=1&resize=525%2C300 1.5x, https:\/\/i0.wp.com\/www.pfarrei-due-wo.de\/wp-content\/uploads\/2021\/02\/Header3-Firmbuch-Kopie-scaled.jpg?fit=1200%2C100&ssl=1&resize=700%2C400 2x, https:\/\/i0.wp.com\/www.pfarrei-due-wo.de\/wp-content\/uploads\/2021\/02\/Header3-Firmbuch-Kopie-scaled.jpg?fit=1200%2C100&ssl=1&resize=1050%2C600 3x"},"classes":[]}],"publishpress_future_action":{"enabled":false,"date":"2026-05-07 22:21:29","action":"change-status","newStatus":"draft","terms":[],"taxonomy":"","extraData":[]},"publishpress_future_workflow_manual_trigger":{"enabledWorkflows":[]},"_links":{"self":[{"href":"https:\/\/www.pfarrei-due-wo.de\/index.php?rest_route=\/wp\/v2\/pages\/6867","targetHints":{"allow":["GET"]}}],"collection":[{"href":"https:\/\/www.pfarrei-due-wo.de\/index.php?rest_route=\/wp\/v2\/pages"}],"about":[{"href":"https:\/\/www.pfarrei-due-wo.de\/index.php?rest_route=\/wp\/v2\/types\/page"}],"author":[{"embeddable":true,"href":"https:\/\/www.pfarrei-due-wo.de\/index.php?rest_route=\/wp\/v2\/users\/4"}],"replies":[{"embeddable":true,"href":"https:\/\/www.pfarrei-due-wo.de\/index.php?rest_route=%2Fwp%2Fv2%2Fcomments&post=6867"}],"version-history":[{"count":16,"href":"https:\/\/www.pfarrei-due-wo.de\/index.php?rest_route=\/wp\/v2\/pages\/6867\/revisions"}],"predecessor-version":[{"id":9556,"href":"https:\/\/www.pfarrei-due-wo.de\/index.php?rest_route=\/wp\/v2\/pages\/6867\/revisions\/9556"}],"wp:attachment":[{"href":"https:\/\/www.pfarrei-due-wo.de\/index.php?rest_route=%2Fwp%2Fv2%2Fmedia&parent=6867"}],"curies":[{"name":"wp","href":"https:\/\/api.w.org\/{rel}","templated":true}]}}