{"id":679,"date":"2017-05-10T22:45:52","date_gmt":"2017-05-10T22:45:52","guid":{"rendered":"http:\/\/www.pfarrei-duernsricht-wolfring.de\/?page_id=679"},"modified":"2021-12-03T15:41:41","modified_gmt":"2021-12-03T14:41:41","slug":"kirchenchor-duernsricht-wolfring","status":"publish","type":"page","link":"https:\/\/www.pfarrei-due-wo.de\/?page_id=679","title":{"rendered":"Kirchenchor D\u00fcrnsricht-Wolfring"},"content":{"rendered":"<h4>Kleine Chronik der Kirchenmusik in D\u00fcrnsricht-Wolfring<\/h4>\n<p>Den Anfang eines Kirchenchores kann man selten genau feststellen, da keinerlei schriftliche Aufzeichnungen gemacht werden, wie bei der Gr\u00fcndung eines Vereins. Da unser Chor zu keiner Zeit ein Verein war, kann man sich nur auf die Erz\u00e4hlungen unserer \u00e4ltesten, ehemaligen Chors\u00e4ngerinnen verlassen. Diese erinnern sich, dass zur Zeit ihrer Erstkommunion im Jahr 1935 von Expositus Fichtl ein Kinderchor begonnen wurde, der sich mit der musikalischen Begleitung von Frau Gr\u00e4fin Elisabeth zu Eltz allm\u00e4hlich zu einem gemischten Chor entwickelte.<\/p>\n<p>Nach der Amtszeit von Expositus Graf von 1942 bis 1952 kam Pfarrer Alois Schindler, der die Leitung des Chores zu seiner Chefsache machte und anspruchsvolles Liedgut und lateinische Messen einstudierte. Die Zahl der aktiven S\u00e4nger wuchs \u00fcber 50 bei den Erwachsenen und ebenso viele im Kinderchor. Im Jahr 1978 konnte Pfarrer Schindler unsere derzeitige Chorleiterin Martina Neubauer gewinnen. Sie war zun\u00e4chst S\u00e4ngerin und Organistin in Reserve bis Frau Gr\u00e4fin im Jahre 1993 aus Altersgr\u00fcnden als Organistin ausschied. Somit versah Frau Gr\u00e4fin zu Eltz fast 60 Jahre den Dienst an der Orgel. Martina Neubauer \u00fcbernahm 1981 die Chorleitung von Pfr. Schindler. Im Jahr 2015 feierte der Chor sein 70-j\u00e4hriges und im Jahr 2021 (aufgrund der Corona-Pandemie um ein Jahr sp\u00e4ter) sein 75-j\u00e4hriges Bestehen.<\/p>\n<p>&nbsp;<\/p>\n<p>Leiterin: Martina Neubauer (Tel.: 09438\/1051)<br \/>\nProbe: Freitag ab 20:00 Uhr im Jugendheim<\/p>\n","protected":false},"excerpt":{"rendered":"<p>Kleine Chronik der Kirchenmusik in D\u00fcrnsricht-Wolfring Den Anfang eines Kirchenchores kann man selten genau feststellen, da keinerlei schriftliche Aufzeichnungen gemacht werden, wie bei der Gr\u00fcndung eines Vereins. Da unser Chor &hellip; <\/p>\n","protected":false},"author":4,"featured_media":680,"parent":0,"menu_order":0,"comment_status":"closed","ping_status":"closed","template":"","meta":{"jetpack_post_was_ever_published":false,"footnotes":""},"class_list":["post-679","page","type-page","status-publish","has-post-thumbnail","hentry"],"jetpack_sharing_enabled":true,"jetpack_shortlink":"https:\/\/wp.me\/P8HCtc-aX","jetpack-related-posts":[{"id":91,"url":"https:\/\/www.pfarrei-due-wo.de\/?page_id=91","url_meta":{"origin":679,"position":0},"title":"Pfarreigeschichte","author":"Matthias Heimler","date":"6. Mai 2017","format":false,"excerpt":"Die ersten aktenkundlichen Belege D\u00fcrnsricht D\u00fcrnsricht wird 1286 als selbstst\u00e4ndige Pfarrei aufgef\u00fchrt. Der erste Pfarrer des Ortes, Provisor Friedrich von Allenburg, war ein Angeh\u00f6riger des Klosters Ensdorf. Er legte dort seine Profess ab und wirkte in D\u00fcrnsricht von 1289 bis 1301. Danach wurde er Prior und 1309 Abt des Klosters.\u2026","rel":"","context":"\u00c4hnlicher Beitrag","block_context":{"text":"\u00c4hnlicher Beitrag","link":""},"img":{"alt_text":"","src":"https:\/\/i0.wp.com\/www.pfarrei-due-wo.de\/wp-content\/uploads\/2023\/08\/schindler.jpg?resize=350%2C200&ssl=1","width":350,"height":200},"classes":[]},{"id":704,"url":"https:\/\/www.pfarrei-due-wo.de\/?page_id=704","url_meta":{"origin":679,"position":1},"title":"KAB Ortsverein","author":"Matthias Heimler","date":"10. Mai 2017","format":false,"excerpt":"Ortsverein | Aktuelles | Leitbild | Mitgliedschaft Unser KAB Ortsverein wurde im Jahr 1953 von 30 M\u00e4nnern aus den beiden Pfarreien D\u00fcrnsricht und Wolfring gegr\u00fcndet. Im Jahr 1964 schloss sich eine Frauengruppe an. Seither beteiligt sich die KAB D\u00fcrnsricht-Wolfring tatkr\u00e4ftig am Gemeindeleben. Die Aktivit\u00e4ten sind vielf\u00e4ltig: Informationsveranstaltungen und Vortr\u00e4ge Mitgestaltung\u2026","rel":"","context":"\u00c4hnlicher Beitrag","block_context":{"text":"\u00c4hnlicher Beitrag","link":""},"img":{"alt_text":"","src":"https:\/\/i0.wp.com\/www.pfarrei-due-wo.de\/wp-content\/uploads\/2021\/07\/kab_slogan.gif?resize=350%2C200","width":350,"height":200,"srcset":"https:\/\/i0.wp.com\/www.pfarrei-due-wo.de\/wp-content\/uploads\/2021\/07\/kab_slogan.gif?resize=350%2C200 1x, https:\/\/i0.wp.com\/www.pfarrei-due-wo.de\/wp-content\/uploads\/2021\/07\/kab_slogan.gif?resize=525%2C300 1.5x, https:\/\/i0.wp.com\/www.pfarrei-due-wo.de\/wp-content\/uploads\/2021\/07\/kab_slogan.gif?resize=700%2C400 2x"},"classes":[]},{"id":87,"url":"https:\/\/www.pfarrei-due-wo.de\/?page_id=87","url_meta":{"origin":679,"position":2},"title":"Kirchen und Kapellen","author":"Matthias Heimler","date":"6. Mai 2017","format":false,"excerpt":"Pfarrkirche St. Albertus Magnus (D\u00fcrnsricht) Mit der sprunghaft angewachsenen Bev\u00f6lkerung nach dem 2. Weltkrieg war die Ulrichskirche zu klein und ein Kirchenneubau dringend n\u00f6tig. Dieser entstand in den Jahren 1960\/1961 am Westausgang D\u00fcrnsrichts, im gleichen Zuge mit dem Neubau der Volksschule und des Pfarr- bzw. Lehrerwohnhauses. Am 30. Juni 1963\u2026","rel":"","context":"\u00c4hnlicher Beitrag","block_context":{"text":"\u00c4hnlicher Beitrag","link":""},"img":{"alt_text":"","src":"https:\/\/i0.wp.com\/www.pfarrei-due-wo.de\/wp-content\/uploads\/2017\/05\/DSC_0363.jpg?resize=350%2C200","width":350,"height":200,"srcset":"https:\/\/i0.wp.com\/www.pfarrei-due-wo.de\/wp-content\/uploads\/2017\/05\/DSC_0363.jpg?resize=350%2C200 1x, https:\/\/i0.wp.com\/www.pfarrei-due-wo.de\/wp-content\/uploads\/2017\/05\/DSC_0363.jpg?resize=525%2C300 1.5x, https:\/\/i0.wp.com\/www.pfarrei-due-wo.de\/wp-content\/uploads\/2017\/05\/DSC_0363.jpg?resize=700%2C400 2x, https:\/\/i0.wp.com\/www.pfarrei-due-wo.de\/wp-content\/uploads\/2017\/05\/DSC_0363.jpg?resize=1050%2C600 3x, https:\/\/i0.wp.com\/www.pfarrei-due-wo.de\/wp-content\/uploads\/2017\/05\/DSC_0363.jpg?resize=1400%2C800 4x"},"classes":[]},{"id":6915,"url":"https:\/\/www.pfarrei-due-wo.de\/?page_id=6915","url_meta":{"origin":679,"position":3},"title":"Kirchenchor H\u00f6gling","author":"Matthias Heimler","date":"11. Dezember 2021","format":false,"excerpt":"Im Lauf der Geschichte der Kirche in H\u00f6gling wurde immer wieder gemeinsam gesungen und Gottesdienste gestaltet. Die Tradition eines Kirchenchores ist bis ins 19. Jhd. belegt, doch wurde sein Bestehen immer wieder unterbrochen, zuletzt w\u00e4hrend des 2. Weltkrieges, wo der Chor verboten und aufgel\u00f6st wurde. 1964 kam Pater Jakob Tischner\u2026","rel":"","context":"\u00c4hnlicher Beitrag","block_context":{"text":"\u00c4hnlicher Beitrag","link":""},"img":{"alt_text":"","src":"https:\/\/i0.wp.com\/www.pfarrei-due-wo.de\/wp-content\/uploads\/2021\/12\/P1020930-scaled.jpg?fit=1200%2C900&ssl=1&resize=350%2C200","width":350,"height":200,"srcset":"https:\/\/i0.wp.com\/www.pfarrei-due-wo.de\/wp-content\/uploads\/2021\/12\/P1020930-scaled.jpg?fit=1200%2C900&ssl=1&resize=350%2C200 1x, https:\/\/i0.wp.com\/www.pfarrei-due-wo.de\/wp-content\/uploads\/2021\/12\/P1020930-scaled.jpg?fit=1200%2C900&ssl=1&resize=525%2C300 1.5x, https:\/\/i0.wp.com\/www.pfarrei-due-wo.de\/wp-content\/uploads\/2021\/12\/P1020930-scaled.jpg?fit=1200%2C900&ssl=1&resize=700%2C400 2x, https:\/\/i0.wp.com\/www.pfarrei-due-wo.de\/wp-content\/uploads\/2021\/12\/P1020930-scaled.jpg?fit=1200%2C900&ssl=1&resize=1050%2C600 3x"},"classes":[]},{"id":85,"url":"https:\/\/www.pfarrei-due-wo.de\/?page_id=85","url_meta":{"origin":679,"position":4},"title":"Pfarrgemeinderat und Ortsaussch\u00fcsse","author":"Matthias Heimler","date":"6. Mai 2017","format":false,"excerpt":"Der Pfarrgemeinderat in der Pfarrei D\u00fcrnsricht-Wolfring mit Expositur H\u00f6gling setzt sich aus 12 gew\u00e4hlten Mitgliedern zusammen und ber\u00e4t und unterst\u00fctzt den Pfarrer in vielen seelsorglichen Belangen. Der Pfarrgemeinderat hat ein Leitbild f\u00fcr die Arbeit im Pfarrgemeinderat entwickelt. Sie k\u00f6nnen es hier herunterladen. Am 20. M\u00e4rz 2022 wurde der Pfarrgemeinderat neu\u2026","rel":"","context":"\u00c4hnlicher Beitrag","block_context":{"text":"\u00c4hnlicher Beitrag","link":""},"img":{"alt_text":"","src":"https:\/\/i0.wp.com\/www.pfarrei-due-wo.de\/wp-content\/uploads\/2022\/04\/IMG-20220331-WA0008_bearb.jpg?resize=350%2C200&ssl=1","width":350,"height":200,"srcset":"https:\/\/i0.wp.com\/www.pfarrei-due-wo.de\/wp-content\/uploads\/2022\/04\/IMG-20220331-WA0008_bearb.jpg?resize=350%2C200&ssl=1 1x, https:\/\/i0.wp.com\/www.pfarrei-due-wo.de\/wp-content\/uploads\/2022\/04\/IMG-20220331-WA0008_bearb.jpg?resize=525%2C300&ssl=1 1.5x, https:\/\/i0.wp.com\/www.pfarrei-due-wo.de\/wp-content\/uploads\/2022\/04\/IMG-20220331-WA0008_bearb.jpg?resize=700%2C400&ssl=1 2x"},"classes":[]},{"id":31,"url":"https:\/\/www.pfarrei-due-wo.de\/?page_id=31","url_meta":{"origin":679,"position":5},"title":"Unsere Pfarrei","author":"Matthias Heimler","date":"6. Mai 2017","format":false,"excerpt":"Die Pfarrei D\u00fcrnsricht-Wolfring wurde am 1. Mai 1969 errichtet und liegt im Herzen der Di\u00f6zese Regensburg, etwa 15 km \u00f6stlich von Amberg. Sie ist dem Dekanat Nabburg zugeordnet. Seit dem 1. Juli 2011 geh\u00f6rt die Expositur H\u00f6gling mit zur Pfarrei. Der Pfarrpatron ist der Heilige Albertus Magnus. Vielleicht m\u00f6chten Sie\u2026","rel":"","context":"\u00c4hnlicher Beitrag","block_context":{"text":"\u00c4hnlicher Beitrag","link":""},"img":{"alt_text":"","src":"https:\/\/i0.wp.com\/www.pfarrei-due-wo.de\/wp-content\/uploads\/2026\/02\/CB7CD1FA-3509-47C4-9724-456AEFD65A54.jpeg?fit=1200%2C790&ssl=1&resize=350%2C200","width":350,"height":200,"srcset":"https:\/\/i0.wp.com\/www.pfarrei-due-wo.de\/wp-content\/uploads\/2026\/02\/CB7CD1FA-3509-47C4-9724-456AEFD65A54.jpeg?fit=1200%2C790&ssl=1&resize=350%2C200 1x, https:\/\/i0.wp.com\/www.pfarrei-due-wo.de\/wp-content\/uploads\/2026\/02\/CB7CD1FA-3509-47C4-9724-456AEFD65A54.jpeg?fit=1200%2C790&ssl=1&resize=525%2C300 1.5x, https:\/\/i0.wp.com\/www.pfarrei-due-wo.de\/wp-content\/uploads\/2026\/02\/CB7CD1FA-3509-47C4-9724-456AEFD65A54.jpeg?fit=1200%2C790&ssl=1&resize=700%2C400 2x, https:\/\/i0.wp.com\/www.pfarrei-due-wo.de\/wp-content\/uploads\/2026\/02\/CB7CD1FA-3509-47C4-9724-456AEFD65A54.jpeg?fit=1200%2C790&ssl=1&resize=1050%2C600 3x"},"classes":[]}],"publishpress_future_action":{"enabled":false,"date":"2026-05-06 09:29:17","action":"change-status","newStatus":"draft","terms":[],"taxonomy":"","extraData":[]},"publishpress_future_workflow_manual_trigger":{"enabledWorkflows":[]},"_links":{"self":[{"href":"https:\/\/www.pfarrei-due-wo.de\/index.php?rest_route=\/wp\/v2\/pages\/679","targetHints":{"allow":["GET"]}}],"collection":[{"href":"https:\/\/www.pfarrei-due-wo.de\/index.php?rest_route=\/wp\/v2\/pages"}],"about":[{"href":"https:\/\/www.pfarrei-due-wo.de\/index.php?rest_route=\/wp\/v2\/types\/page"}],"author":[{"embeddable":true,"href":"https:\/\/www.pfarrei-due-wo.de\/index.php?rest_route=\/wp\/v2\/users\/4"}],"replies":[{"embeddable":true,"href":"https:\/\/www.pfarrei-due-wo.de\/index.php?rest_route=%2Fwp%2Fv2%2Fcomments&post=679"}],"version-history":[{"count":5,"href":"https:\/\/www.pfarrei-due-wo.de\/index.php?rest_route=\/wp\/v2\/pages\/679\/revisions"}],"predecessor-version":[{"id":6882,"href":"https:\/\/www.pfarrei-due-wo.de\/index.php?rest_route=\/wp\/v2\/pages\/679\/revisions\/6882"}],"wp:featuredmedia":[{"embeddable":true,"href":"https:\/\/www.pfarrei-due-wo.de\/index.php?rest_route=\/wp\/v2\/media\/680"}],"wp:attachment":[{"href":"https:\/\/www.pfarrei-due-wo.de\/index.php?rest_route=%2Fwp%2Fv2%2Fmedia&parent=679"}],"curies":[{"name":"wp","href":"https:\/\/api.w.org\/{rel}","templated":true}]}}

Kirchenchor Dürnsricht-Wolfring

<h4>Kleine Chronik der Kirchenmusik in Dürnsricht-Wolfring</h4>
<p>Den Anfang eines Kirchenchores kann man selten genau feststellen, da keinerlei schriftliche Aufzeichnungen gemacht werden, wie bei der Gründung eines Vereins. Da unser Chor zu keiner Zeit ein Verein war, kann man sich nur auf die Erzählungen unserer ältesten, ehemaligen Chorsängerinnen verlassen. Diese erinnern sich, dass zur Zeit ihrer Erstkommunion im Jahr 1935 von Expositus Fichtl ein Kinderchor begonnen wurde, der sich mit der musikalischen Begleitung von Frau Gräfin Elisabeth zu Eltz allmählich zu einem gemischten Chor entwickelte.</p>
<p>Nach der Amtszeit von Expositus Graf von 1942 bis 1952 kam Pfarrer Alois Schindler, der die Leitung des Chores zu seiner Chefsache machte und anspruchsvolles Liedgut und lateinische Messen einstudierte. Die Zahl der aktiven Sänger wuchs über 50 bei den Erwachsenen und ebenso viele im Kinderchor. Im Jahr 1978 konnte Pfarrer Schindler unsere derzeitige Chorleiterin Martina Neubauer gewinnen. Sie war zunächst Sängerin und Organistin in Reserve bis Frau Gräfin im Jahre 1993 aus Altersgründen als Organistin ausschied. Somit versah Frau Gräfin zu Eltz fast 60 Jahre den Dienst an der Orgel. Martina Neubauer übernahm 1981 die Chorleitung von Pfr. Schindler. Im Jahr 2015 feierte der Chor sein 70-jähriges und im Jahr 2021 (aufgrund der Corona-Pandemie um ein Jahr später) sein 75-jähriges Bestehen.</p>
<p>&nbsp;</p>
<p>Leiterin: Martina Neubauer (Tel.: 09438/1051)<br />
Probe: Freitag ab 20:00 Uhr im Jugendheim</p>

<p>Kleine Chronik der Kirchenmusik in Dürnsricht-Wolfring Den Anfang eines Kirchenchores kann man selten genau feststellen, da keinerlei schriftliche Aufzeichnungen gemacht werden, wie bei der Gründung eines Vereins. Da unser Chor &hellip; </p>

Die ersten aktenkundlichen Belege Dürnsricht Dürnsricht wird 1286 als selbstständige Pfarrei aufgeführt. Der erste Pfarrer des Ortes, Provisor Friedrich von Allenburg, war ein Angehöriger des Klosters Ensdorf. Er legte dort seine Profess ab und wirkte in Dürnsricht von 1289 bis 1301. Danach wurde er Prior und 1309 Abt des Klosters.…

Ähnlicher Beitrag

Ortsverein | Aktuelles | Leitbild | Mitgliedschaft Unser KAB Ortsverein wurde im Jahr 1953 von 30 Männern aus den beiden Pfarreien Dürnsricht und Wolfring gegründet. Im Jahr 1964 schloss sich eine Frauengruppe an. Seither beteiligt sich die KAB Dürnsricht-Wolfring tatkräftig am Gemeindeleben. Die Aktivitäten sind vielfältig: Informationsveranstaltungen und Vorträge Mitgestaltung…

Pfarrkirche St. Albertus Magnus (Dürnsricht) Mit der sprunghaft angewachsenen Bevölkerung nach dem 2. Weltkrieg war die Ulrichskirche zu klein und ein Kirchenneubau dringend nötig. Dieser entstand in den Jahren 1960/1961 am Westausgang Dürnsrichts, im gleichen Zuge mit dem Neubau der Volksschule und des Pfarr- bzw. Lehrerwohnhauses. Am 30. Juni 1963…

Kirchenchor Högling

Im Lauf der Geschichte der Kirche in Högling wurde immer wieder gemeinsam gesungen und Gottesdienste gestaltet. Die Tradition eines Kirchenchores ist bis ins 19. Jhd. belegt, doch wurde sein Bestehen immer wieder unterbrochen, zuletzt während des 2. Weltkrieges, wo der Chor verboten und aufgelöst wurde. 1964 kam Pater Jakob Tischner…

Pfarrgemeinderat und Ortsausschüsse

Der Pfarrgemeinderat in der Pfarrei Dürnsricht-Wolfring mit Expositur Högling setzt sich aus 12 gewählten Mitgliedern zusammen und berät und unterstützt den Pfarrer in vielen seelsorglichen Belangen. Der Pfarrgemeinderat hat ein Leitbild für die Arbeit im Pfarrgemeinderat entwickelt. Sie können es hier herunterladen. Am 20. März 2022 wurde der Pfarrgemeinderat neu…

Die Pfarrei Dürnsricht-Wolfring wurde am 1. Mai 1969 errichtet und liegt im Herzen der Diözese Regensburg, etwa 15 km östlich von Amberg. Sie ist dem Dekanat Nabburg zugeordnet. Seit dem 1. Juli 2011 gehört die Expositur Högling mit zur Pfarrei. Der Pfarrpatron ist der Heilige Albertus Magnus. Vielleicht möchten Sie…
